ose 5*g + 4*t + 40 = t, 0 = -3*g + 5*t - 24. Let s(i) = -7*i - 6. What is the remainder when s(-6) is divided by ((-76)/g)/((-3)/(-6))?
17
Let j(x) = -5*x + 21. Let t(u) = 2*u**3 - 2*u**2 - 3*u + 2. What is the remainder when j(3) is divided by t(2)?
2
Suppose -52 = -4*r - 4. Suppose -y = -4*y + 18. Suppose -3*d + 63 + y = 0. What is the remainder when d is divided by r?
11
Suppose -o + 4*o = 33. What is the remainder when 142 is divided by o?
10
Suppose t - 153 + 27 = 0. Let y = -88 + t. Calculate the remainder when y is divided by 13.
12
Suppose -4*a = 2*z - 48, z - a + 67 = 4*z. Calculate the remainder when 86 is divided by z.
20
Suppose -3*z + 16 = z. Suppose -1 = z*m - 21. What is the remainder when m is divided by (-2)/4 + (-21)/(-6)?
2
Let w(g) be the first derivative of g**2/2 + 10*g + 4. Calculate the remainder when 2 is divided by w(-8).
0
Suppose g = -5*n + 49, 3*n - 28 = -2*g + 7. Calculate the remainder when 40 is divided by n.
4
What is the remainder when (-5681)/(-65) - (-2)/(-5) is divided by 44?
43
Let l = 4 + 4. Let n be (l/6)/((-2)/(-3)). What is the remainder when (28 - n/1)*2 is divided by 18?
16
Let m = 11 - 5. Suppose 9*t = m*t + 141. What is the remainder when t is divided by 12?
11
Let i(p) = 6*p**2 + p + 1. Let h be i(-1). Suppose h*d - d - 155 = 0. Calculate the remainder when d is divided by 11.
9
Let o be (-1 + 3 + -1)*2. Suppose 0*j = -o*j + 10. What is the remainder when 12 is divided by j?
2
Suppose 0 = 3*o + 4*g + g + 88, -2*o - 4*g - 58 = 0. Let x = -16 - o. Calculate the remainder when x is divided by 9.
6
Suppose -a + 27 = -2*t, -4*a - 4*t + 23 = -73. What is the remainder when 72 is divided by a?
22
Suppose 14 = 4*x - 38. Calculate the remainder when x is divided by 8.
5
Let d = 7 - 4. Suppose 0 = -p - d*n - 11, 3*n = 5*p - 2*n + 35. Calculate the remainder when 2 is divided by 7/9 - p/36.
0
Let j = 98 - 67. What is the remainder when 47 is divided by j?
16
Suppose 0 = -9*b + 8*b + 13. Let a = -4 - -1. What is the remainder when b is divided by a/2*28/(-6)?
6
Suppose 2*m - 3*f + 98 = 0, -m + 0*f - 2*f - 35 = 0. Let l = m + 78. What is the remainder when l is divided by 13?
9
Let x = 39 + -26. What is the remainder when 38 is divided by x?
12
Let o(g) = 10*g**3 + 2*g**2 - 1. Let h = 5 - 2. Suppose x = h*x - 2*u - 40, 3*u - 20 = -x. What is the remainder when x is divided by o(1)?
9
Let n(o) = -o + 1. Suppose 0*j - j + d = -9, -j - 5*d + 21 = 0. What is the remainder when j is divided by n(-3)?
3
Let v(m) = -m - 1. Let x be v(8). What is the remainder when 19 is divided by (x/(-18))/(1/20)?
9
Suppose -p + 5*c + 37 = -86, 0 = -5*p - 2*c + 615. Suppose -3*f + 27 = -p. Calculate the remainder when f is divided by 17.
16
Calculate the remainder when 118 + -3*2/(-6) is divided by 41.
37
Let u(j) = -j**3 + 6*j**2 + 7*j + 3. Let q be -4 + 5 - (0 + -20). Suppose k - q = -2*k. What is the remainder when 5 is divided by u(k)?
2
Let b = -3 + 1. Let z(q) = -q**3 + 4*q**2 + 2*q + 4. What is the remainder when (33 - -2) + b + 1 is divided by z(4)?
10
Let q(u) = u**3 + 8*u**2 - 2*u + 7. Let y be q(-8). Suppose 4*n - 22 = -3*i - 0*i, 4*i - y = n. What is the remainder when 16 is divided by i?
4
Suppose 5*w - 377 = -142. Calculate the remainder when w is divided by 13.
8
Suppose 2*c - 4*u - 4 = 18, u = 0. Suppose 2*v + 5 + 1 = 5*g, 0 = -3*v - g - 9. Let w(x) = -12*x - 4. Calculate the remainder when w(v) is divided by c.
10
Let j = 15 - 8. Suppose j*y - 2*y = 145. What is the remainder when y is divided by 8?
5
Suppose 4*k = -5*k + 54. Calculate the remainder when 23 is divided by k.
5
Suppose 5*a - b - 2*b + 167 = 0, -2*b - 104 = 3*a. Let o = a - -74. What is the remainder when o is divided by 14?
12
Suppose -2*n + 59 = 51. Calculate the remainder when 21 is divided by n.
1
Suppose 70 = -227*m + 234*m. Let s(g) = 4*g. Let x be s(-1). Calculate the remainder when m is divided by -4*2*2/x.
2
Let p = 9 - -13. Calculate the remainder when p is divided by 7.
1
Let k(j) = j**3 - j + 16. Let i be k(0). Let a = 52 - i. Calculate the remainder when a is divided by 13.
10
Suppose 2*r - 2*p + 4*p = 28, -5*r = -2*p - 63. What is the remainder when 64 is divided by r?
12
Let p(x) be the third derivative of -x**5/30 - x**4/12 + x**3/6 - 4*x**2. Let a be p(1). Let d = a + 12. Calculate the remainder when 33 is divided by d.
6
Suppose -8*c + 3*c = -55. Calculate the remainder when 97 is divided by c.
9
Suppose 0 = -3*l + 5*l - 2, -2*l + 25 = p. Let q = p - 7. Suppose -5*g = -9 - q. What is the remainder when 17 is divided by g?
2
Let x = 189 + -155. Calculate the remainder when x is divided by 25.
9
Suppose -f + t = -23, -2*t + 22 = 5*f - 79. Suppose 3*j = 3*i - 4*i + f, -2*i - 4*j + 50 = 0. Calculate the remainder when i is divided by 17.
16
Let u(s) = s**2 - 2*s - 1. Let z be u(3). Suppose z*l - 3 - 7 = 0. Calculate the remainder when ((-18)/5)/(0 + (-4)/10) is divided by l.
4
Let y(f) = 6 + 0 + 4*f - 4 + f**2 - 6*f. Calculate the remainder when 8 is divided by y(3).
3
Let p = 10 + -8. Suppose -p*f + 3*v + 33 = -f, 0 = 3*f - 5*v - 95. What is the remainder when 117 is divided by f?
27
Let t be (-1 + -2 + 3)/(-4). Suppose t = 4*q - 0*q - 28. Let i = 37 - 18. What is the remainder when i is divided by q?
5
Suppose 55 = 6*j - 53. What is the remainder when 53 is divided by j?
17
Calculate the remainder when 11 is divided by (1/(-2))/((-4)/24).
2
Suppose 0 = 4*m + 4*c - 148, -4*c - 36 = 3*m - 147. What is the remainder when m is divided by 6?
1
What is the remainder when 16 - (-8)/(4/1) is divided by 7?
4
Let w(n) = -4*n**3 - 4*n**2 - 11*n + 12. Let r(f) = 3*f**3 + 5*f**2 + 12*f - 12. Let a(z) = 5*r(z) + 4*w(z). What is the remainder when a(10) is divided by 17?
14
Suppose -115*s = -117*s + 78. What is the remainder when s is divided by 21?
18
Suppose -5*i + 5*h + 270 = 0, 4*i + 3*h - 216 = h. What is the remainder when i is divided by 11?
10
Let l(b) = -2*b + 12. Let t be l(6). Suppose t = p - 9 - 3. Calculate the remainder when p is divided by 5.
2
Suppose 2*i + 2 = 0, i = 3*b + 6*i - 1. Calculate the remainder when (-33 - -2)*(b + -3) is divided by 16.
15
Let u be 4 + 0 - (0 - 0). Let r be 10/u*12/6. Suppose -5*y = -3*b, 0*y - r*y + 15 = 0. Calculate the remainder when b is divided by 2.
1
Let x(y) = -4*y**3 + 2*y**2 + y + 1. Let j be x(-2). Suppose -j = -o - 2*o. What is the remainder when o is divided by 8?
5
Let b be 58 - (-1 - (0 + -2)). Suppose 0 = 3*f - 39 - b. What is the remainder when f is divided by 17?
15
Let p(u) = u**3 - 4*u**2 - 2*u - 2. Let n be p(4). Let t = n - -17. Suppose -23 = -4*d + 81. What is the remainder when d is divided by t?
5
Suppose 3*p + 151 = 4*m + 2*p, 2*p = 2*m - 74. Calculate the remainder when 150 is divided by m.
36
Let g = 17 - 10. Let c(y) = -9*y + 8. Let m(z) = -9*z + 7. Let w(l) = -5*c(l) + 6*m(l). Calculate the remainder when w(-2) is divided by g.
6
Let y(d) = -13*d + 87. What is the remainder when (42/(-10))/((-1)/10) is divided by y(6)?
6
Let v(g) = -g**3 + 6*g**2 - 3*g + 1. Suppose 3*y = -3 + 24. What is the remainder when v(2) is divided by y?
4
Let p = -328 + 468. Let s be p + 0/3 + 0. Let h = s + -85. Calculate the remainder when h is divided by 19.
17
Let o = 0 + -2. Calculate the remainder when (-6)/4*6*-1 is divided by -3 - (48/3)/o.
4
Let d(u) = u**2 - u + 8. Let m be d(6). Suppose 0 = 3*a - a + 2*w - m, 4*a = 4*w + 84. Calculate the remainder when 39 is divided by a.
19
Suppose -u = 2*d - 24, 4*d + 5*u = 3*d + 3. What is the remainder when 35 is divided by d?
9
Suppose 0 = 2*f + 6*q - q - 25, -5*f + 22 = -q. Suppose -40 - 10 = -f*p. What is the remainder when 17 is divided by p?
7
Let l = 2 - -10. What is the remainder when 2/(-8) + (-137)/(-4) is divided by l?
10
Let a = 4 + -2. Let o = 9 - 6. Suppose -o*k + 3 = -a*k. What is the remainder when 5 is divided by k?
2
Suppose -117 = 3*f - 6*f. What is the remainder when f is divided by 20?
19
Suppose -11*w + 111 = 23. What is the remainder when (2/(-4))/(1/(-60)) is divided by w?
6
Let h(k) = k**3 - 8*k**2 - 16*k + 5. Let y be h(11). Suppose y = 4*w - 2*f, 3*w - 2*f - 75 - 70 = 0. Calculate the remainder when w is divided by 8.
7
Let p(t) = t + 11. Let m be p(-8). Suppose 19 = 2*w - m. Suppose 58 - 181 = -3*d. Calculate the remainder